t c(w) = 3 + 6 + 1 - m + 3*w. Determine c(-3).
-5
Let z(r) be the second derivative of -11*r**3/2 + 65*r**2/2 + 1909*r. Give z(2).
-1
Let d(g) = 2*g**2 + 2*g + 1. Suppose 3*n = -0*r + 2*r + 48, -3*r - 3*n - 87 = 0. Let z = r + 29. Let c = z - 4. What is d(c)?
5
Let q(s) = s**3 + 15*s**2 + 19*s - 18. Let t(u) = -3*u**2 - 30*u - 14. Let w be t(-10). What is q(w)?
-88
Suppose 1826 = -45*v + 746. Let w be (-114)/v - 1/(-4). Let g(t) = -2*t + 6. Calculate g(w).
-4
Let c(f) = 2*f**3 + 8*f**2 + f - 4. Let t(a) = 5*a**3 + 3*a - 520*a**2 + 271*a**2 - 8 + 266*a**2. Let w(m) = 7*c(m) - 3*t(m). Calculate w(5).
-14
Let h = 618 - 618. Let y(f) = -9*f - 6. Let m = 4 - 15. Let a(v) = -5*v - 3. Let c(n) = m*a(n) + 6*y(n). Calculate c(h).
-3
Let f(g) = g - 2. Let w = 179 - 272. Let a = -91 - w. Suppose 14 = a*k - 3*r, -5*k + r + 4*r = -25. What is f(k)?
-1
Let a(w) be the second derivative of 3*w**4/4 + w**3/6 - 20334*w. Let z be -2 + -1*2/(-2). Determine a(z).
8
Let i(u) = 26*u - 20*u**2 + 55*u**2 + 5 - 11*u**2 - 16*u**2 + 14*u**3. Let q(h) = 5*h**3 + 3*h**2 + 9*h + 2. Let o(s) = 6*i(s) - 17*q(s). Give o(-4).
0
Let j(z) = -z + 0 - z - 7. Let r = -632 + 638. Give j(r).
-19
Let s(p) = p**2 - 18*p + 25. Suppose -22*m + 855 = 53*m - 18*m. Calculate s(m).
-20
Let s(d) = -d**3 - 5*d**2 + 7*d + 9. Suppose -4*k = -2*i + i - 32, k + 4*i = 8. Let x(r) = -r**2 + 7*r + 2. Let a be x(k). Determine s(a).
3
Let j = -19895 - -19893. Let i(a) = 56*a + 1. What is i(j)?
-111
Let v(r) = -3*r**2 - 3*r - r**3 + 0*r**2 - r**2 - 4. Let w be -2 + (9/(-2))/(24/(-80)). Suppose -10*o - 17 - w = 0. Determine v(o).
-4
Let l(g) be the second derivative of -g**4/12 - 5*g**3/3 - g**2 + 14934*g. Let o(x) = -3*x - 2. Let i be o(2). Give l(i).
14
Let j = 1598 + -1612. Let x(k) = -k**2 + 9*k - 5. Let l be x(7). Let g be (-8 + l)/((-2)/j). Let y(s) = s**2 - 7*s - 7. What is y(g)?
-7
Let q = -58 - -60. Suppose n - 3*k = 3, -2 = 5*n + k - 1. Let b(o) = -5 - q*o + n + 4 - o**2. Determine b(-3).
-4
Let y be ((-2)/4)/((-1)/12). Let l be y/(-4)*(-4)/6. Let a(r) = 2*r**2 + 5*r + 163. Let j(z) = -10*z**2 - 17*z - 571. Let s(d) = -7*a(d) - 2*j(d). What is s(l)?
6
Let i(m) = -1 - 13*m + 12 + m - 23 - 8*m - m**3 - 23*m**2. Give i(-22).
-56
Let a(o) be the third derivative of o**6/240 + o**5/120 + 15*o**4/8 + o**3/6 - 115*o**2. Let k(i) be the second derivative of a(i). Calculate k(-2).
-5
Let q(m) = -8*m**2 + 11*m + 13. Let l = -9275 + 9274. Give q(l).
-6
Let b = -4 + 31. Let f be b/3 + 0 + -3. Let u(g) = -3*g**2 - 2*g - 2*g**2 + f*g**2 - 6. Give u(5).
9
Let b = -4817 + 4797. Let d(p) = p**3 + 21*p**2 + 19*p - 4. Calculate d(b).
16
Let j(h) = -2*h - 5. Let x = 14 + -27. Let c = x - -17. Suppose -c*g = -0*g + v + 20, -4*v = 16. Determine j(g).
3
Let s(i) = i**3 + 15*i + 3*i + 19*i**2 + 15 + 36 + 0*i**3 + 3*i. Determine s(-18).
-3
Let q(j) = -3*j**2 - 7*j + 27. Let m(a) = 2*a**2 + 8*a - 17. Let b(l) = -4*m(l) - 3*q(l). Calculate b(-6).
89
Let z(l) = 2*l - 15 - 3*l + l**2 + l + 3*l. Let b(r) = 2*r**2 + 5*r - 23. Let m(v) = 5*b(v) - 8*z(v). Determine m(-4).
33
Let b(m) be the third derivative of -m**4/6 - m**3/2 + m**2. Let a(t) = -8*t - 65. Let n be a(6). Let s = n - -109. What is b(s)?
13
Let b(f) = f - 1. Let d(u) = u**2 + u + 1. Let y(q) = 7*q**2 + 16*q + 19. Let p(h) = -6*d(h) + y(h). Let w be p(-8). Let o = 1 + w. Determine b(o).
-3
Suppose -5*i = -7 + 2. Let s(f) = f**2 + 7*f + 6. Let u be s(0). Let g(w) = -2*w + 1 - w - u*w. Calculate g(i).
-8
Let y(f) = -31*f**2 + 3*f - 10. Let m(t) = -8*t**2 + 41*t + 7 + 24*t**2 - 1 - 43*t. Let l(p) = 5*m(p) + 3*y(p). Calculate l(-1).
-12
Let r(x) = 20 + 2*x**2 - 3 + 374*x - 384*x. Determine r(8).
65
Let q = 334 + -329. Let c(x) = -8*x + 6*x - 1 - 3*x - q + 6*x. Suppose 2*s + 2*l - 7*l = -10, 4*s + 20 = -3*l. Determine c(s).
-11
Let u(b) = -138*b - 1 + 7 + 4 + 24*b + 71*b. Give u(1).
-33
Let m(n) = -1. Let s = 19 - 22. Let b be -1*(1 + 1 + s). Let j(g) = 4*g - 3. Let q(k) = b*j(k) - 6*m(k). Calculate q(-2).
-5
Let n(z) be the third derivative of z**5/60 + 2*z**4/3 + 29*z**3/6 + 159*z**2 + 2. Determine n(-12).
-19
Let o(c) be the third derivative of -c**6/120 + 2*c**5/15 - c**4/3 + c**3/3 - 77*c**2 + 1. Let i(a) = -a + 7. Let v be i(0). Give o(v).
-5
Let u(z) be the third derivative of -z**6/15 - z**5/60 - z**3/2 - 653*z**2. Give u(-2).
57
Let x be 53 - 51 - 3/(-1). Let c(v) = -7*v**3 + 5*v**2 + 7*v - 4. Let g(f) = -4*f**3 + 2*f**2 + 4*f - 2. Let q(l) = 3*c(l) - 5*g(l). Determine q(x).
3
Suppose q - 2752 = 4*o - 2768, 0 = -3*o - 3*q + 12. Let b(n) = -n**3 + 3*n**2 - 3*n + 14. Determine b(o).
-14
Let w(p) = -1372 + 684 + p + 660. Determine w(6).
-22
Let z = 46 - -5. Let x(q) = 9*q - 49. Let o(a) = a - 6. Let v(s) = z*o(s) - 6*x(s). Let g be v(-6). Let b(y) = -y + 10. Calculate b(g).
4
Let j(w) = w**2 - 4*w - 4. Let d be -2*9/(-4) + (-3)/6. Suppose -7 = -i - d*f - 0*f, -4*i - 2*f = -28. Give j(i).
17
Let w(h) = h - 2. Suppose -u + 3*u - l = 16, 6 = u - l. Let n be 52/u - (-11)/(-55). Suppose -5 + 15 = n*x. Determine w(x).
0
Let v(h) be the third derivative of -h**6/60 - h**5/30 + h**4/24 - h**3/3 - h**2. Let u(c) = -c**3 - 15*c**2 - 55*c - 8. Let d be u(-6). Calculate v(d).
4
Let w(i) be the second derivative of i**5/10 + 3*i**4/4 - 4*i**3/3 - 4*i**2 + 1299*i. What is w(-5)?
7
Let k(b) = 4 + 1 - b + 6. Suppose -5*n = 33*x - 36*x + 2023, 0 = -x - 4*n + 646. Let p = 673 - x. What is k(p)?
4
Let q(s) be the first derivative of -2*s**3/3 - 2*s**2 - 5*s - 7748. Let a = 0 - 5. Determine q(a).
-35
Let l(g) = g**3 - 3*g**2 - 6*g + 18. Let o = 35051 + -35047. Calculate l(o).
10
Let o be ((-28)/70)/(2/(-10)). Let l(q) = -2 + 3 + 4*q + 5 - o. Let y be (19 + -15)*5/(-4) + 1. Calculate l(y).
-12
Let l be (-17)/(408/(-504))*(-1)/3. Let y(q) be the third derivative of -q**5/60 - 7*q**4/24 + 3*q**3/2 - 2*q**2. Determine y(l).
9
Let w(o) = -o**2 - 7*o + 3. Let d(i) = 4*i + 1. Let s be d(1). Suppose 64 = s*g + 14. Suppose -2*q + 26 - g = -2*n, 2*n + 12 = -2*q. Calculate w(n).
3
Let o(u) be the first derivative of -136 - 3/2*u**2 + 0*u. What is o(4)?
-12
Let g(b) = b - 2. Let y(t) = 18*t - 27. Let x(v) = 15*g(v) - y(v). Let q(w) = w**2 - 7*w + 2. Let p be q(7). Let c be -1 - (0 + 3 - p). Give x(c).
3
Let j(s) = -s**3 - 19*s**2 - 90*s + 9. Let z be j(-10). Let k(p) = -p**2 + 7*p - 11. Determine k(z).
-29
Suppose 2*i - 8 = 3*r, -i - 413*r = -415*r - 3. Let l(y) = 7*y - 59. Calculate l(i).
-10
Let t(m) be the second derivative of -m**5/20 + 3*m**4/4 - 3*m**3/2 + 4*m**2 + 1488*m. Determine t(8).
0
Suppose -26*a - 37 + 271 = 0. Let v(t) = -27*t + 3 - 31*t + t**3 + 5*t**2 + 59*t - a. Give v(-3).
9
Suppose 0 = 5*o - 5, -11*q + 6*q + 7*o - 157 = 0. Let c(i) = -i**3 - 28*i**2 + 60*i + 9. Calculate c(q).
9
Let q(w) = -17*w**3 - 21*w**2 - w + 12. Let b(j) = 12*j**3 + 14*j**2 + j - 7. Let g(n) = -7*b(n) - 5*q(n). What is g(-6)?
37
Suppose -69*f + 38*f - 63*f = 846. Let w(m) = -m**2 - 6*m + 23. Give w(f).
-4
Let b(i) = -87*i - 52 + 352*i + i**2 - 98*i - 99*i - 86*i. Calculate b(21).
11
Let g(w) = -2*w**3 + 22*w**2 - 4. Let j(y) = y**3 - 5*y**2 - 31*y + 11. Let x be j(0). Calculate g(x).
-4
Let m(f) = 49*f + 243. Let g be m(-5). Let y(v) = -2*v + 11*v**2 + 4*v**2 - 7*v**2 - 5*v**2. What is y(g)?
16
Let g(k) = -92*k**2 - 3*k + 3. Let d(x) = -206*x**2 - 8*x + 6. Let w(n) = 3*d(n) - 7*g(n). Determine w(-1).
26
Let i(z) = 8*z**3 - 1 - z + 3*z**3 - 3*z**3. Let n be ((-404)/(-10))/((-34)/85). Let u = n + 100. Give i(u).
-8
Let f(c) be the first derivative of -3/2*c**2 - 18 - 1/3*c**3 - c. Give f(-3).
-1
Suppose 7*k = 9*k - 10. Let z be ((-6)/(-9))/(6/117). Let b(t) = z + t - 2*t - 3 + 1. What is b(k)?
6
Let k(g) = g**2 - 7*g. Suppose -2481 + 2481 = -13*t. Give k(t).
0
Let u = -295 + 299. Suppose u*f + 5*k = 1, -9*k + 6*k = -f - 4. Let w(i) be the third derivative of i**4/24 + 2*i**2. Give w(f).
-1
Let s(j) be the first derivative of -j**4/2 + 4*j**3 + 3*j**2/2 - 9*j - 80. What is s(6)?
9
Let x(u) = -u - 18. Let j be x(-18). Suppose j = -4*g + 3*v - 2 + 1, 3*g + 3 = 3*v. Let a(l) = l**g + 5 - 1 + 2*l - 2*l**2. Calculate a(-5).
-31
Let b(x) = -5*x + 1. Suppose 0 = -7*k + 193 - 102. Let d = -14 - -2. Let y = k + d. Calculate b(y).
-4
Let q(z) = -140*z**2 - 11*z - 132*z**2 + 4 + 267*z**2 + z**3. Determine q(7